ctor of r and 8?
8
Let d(z) = z**3 - 5*z**2 - 8*z + 17. Let q be d(6). Let g be 3*(q/15 + 1). Calculate the greatest common factor of g and 10.
2
Let f = 1 + 35. Calculate the highest common factor of 90 and f.
18
Let j(v) = v**3 + 5*v**2 + 4*v + 2. Let t be j(-3). Let y be (-1134)/(-10) - t/20. Suppose 12 = 5*z - y. Calculate the highest common factor of 175 and z.
25
Suppose 572 + 1378 = 39*v. Calculate the greatest common factor of v and 470.
10
Suppose -2*t - 4*z + 160 = 0, 2*z + 2*z = -t + 82. Suppose 8*x - 2*s = 5*x + t, -3*x - 3*s = -78. Calculate the highest common divisor of 91 and x.
13
Let g = -85 - -197. Let u = -4548 + 4555. Calculate the greatest common factor of u and g.
7
Let h(s) = 4*s - 13. Let m be h(4). Let y be (-3)/((-30)/614) + m/5. Calculate the greatest common factor of 93 and y.
31
Suppose 12*b - 13*b + 128 = 0. Let m = -46 - -78. Calculate the greatest common factor of m and b.
32
Suppose -5*n + 4*z + 704 = 0, 5 = 5*z - 10*z. Let q be 10/4 + 207/18. What is the highest common factor of q and n?
14
Let u = 47 + -78. Let m = 50 + u. What is the greatest common factor of 152 and m?
19
Let n be 2/(1*-1)*162/(-36). Suppose 5*m + 3*h - 219 = 0, 5*m - 2*h - 215 = -7*h. Calculate the greatest common divisor of n and m.
9
Suppose 0 = 6*m + 687 - 3495. Calculate the greatest common factor of m and 208.
52
Let q(l) = 13 - l - 2*l - 2*l + 4*l. Let c be q(6). Suppose 136 = 5*s - 4. What is the greatest common factor of s and c?
7
Let m = 35 - 31. Let l be (1 + -7)*(m + -40). Calculate the highest common factor of l and 27.
27
Let t be ((-6)/(-2))/(4104/(-688) - -6). Suppose 0 = -f + 3*f + 94. Let z = f + t. What is the highest common divisor of z and 13?
13
Suppose 2*k + 6248 = 4*t + 1032, 3*t - 3902 = -k. What is the highest common factor of 6 and t?
6
Suppose 19*q = 5*q + 182. Let n = 43 - q. Let w be (1 + -48)/(-1) - 2. What is the greatest common divisor of w and n?
15
Let d = -92 + 45. Let q = -45 - d. Calculate the highest common factor of q and 6.
2
Suppose -6*g + 1156 = 532. What is the greatest common divisor of 988 and g?
52
Let d(m) = -4*m + 103. Let o be d(20). What is the greatest common factor of o and 161?
23
Let g(b) be the second derivative of b**3/6 + 19*b**2/2 - 9*b. Let u be g(0). Calculate the greatest common divisor of u and 38.
19
Let m(t) = t**3 - 6*t**2 + 2*t - 4. Suppose -15*c = -13*c - 12. Let g be m(c). Calculate the highest common divisor of 152 and g.
8
Let l = 57 - 27. Let q be (-180)/(15/((-30)/4)). What is the highest common divisor of q and l?
30
Let b(w) = 184*w - 2. Let h be b(1). Suppose 5*m + 84 = u, -5*u + 3*m + h = -150. What is the highest common divisor of u and 8?
8
Let f = -689 + 705. Let x = 5 + -3. Suppose -3*g = -2*g + x*v + 8, 2*g - 5*v = 29. What is the greatest common factor of g and f?
2
Let k(m) be the third derivative of -m**6/120 + 3*m**5/20 + m**4/12 - 11*m**3/6 + 5*m**2. Let s be k(9). What is the greatest common divisor of 7 and s?
7
Let w = -13 - -15. Let i be 4*-3*w/(-6). Let m be 17 + i/(12/(-9)). What is the highest common divisor of 56 and m?
14
Let f be ((-424)/32)/((-18)/8 + 2). Let v = 109 - f. Calculate the greatest common divisor of v and 84.
28
Suppose -6*z = -243 - 135. Let k = -59 + z. Calculate the greatest common factor of 6 and k.
2
Let k = 0 - 0. Suppose -3*l - 285 = -4*n, 5 = l - k. Suppose 3*o - 24 = -f, -3*f = -2*o + 25 - n. Calculate the highest common divisor of f and 12.
6
Let i = -75 - -89. Suppose -7*f + 2*f = 0. Let n = f - -2. What is the greatest common divisor of n and i?
2
Let a be ((-2)/3)/(28/(-42)) - -3. Calculate the highest common factor of a and 16.
4
Let s = 1433 - 1356. What is the greatest common factor of 21 and s?
7
Let l be 7 + -1 + -11 + 14. Suppose 48 = 11*m - 51. Calculate the greatest common factor of l and m.
9
Let b be (644/10)/(46/115). What is the highest common factor of b and 23?
23
Let w(p) = 6*p**2 + 12*p + 29. Let u be w(-3). Suppose 6*s = 73 + u. Calculate the highest common factor of s and 5.
5
Suppose a - 4 = -w - 3, 0 = -2*a + 4*w + 20. What is the highest common factor of 56 and a?
4
Let g be 1386/(-4)*156/(-91). What is the highest common factor of 22 and g?
22
Suppose 2288 = -136*m + 144*m. Calculate the highest common divisor of 78 and m.
26
Let t(q) = 122*q - 4. Let b be t(3). Suppose -y = -2*v - b, -y + 4*v - 8*v = -332. What is the greatest common divisor of 44 and y?
44
Suppose -29 = 2*u - 107. Suppose 2026*b + 102 = 2060*b. Calculate the highest common factor of b and u.
3
Let u be (-36)/6 + (2 + -3 - -37). Calculate the highest common divisor of u and 39.
3
Let v(y) be the first derivative of 4*y**3/3 - 3*y**2 - 10*y + 10. Let b be v(7). Let u be (b/60)/((-1)/(-10)). What is the highest common divisor of 12 and u?
12
Let v(r) = -5*r**2 - 4*r - 7. Let c be v(-3). Let x be ((-36)/(-30))/((-6)/c). Suppose -z = -3 - x. Calculate the greatest common divisor of z and 88.
11
Suppose 5*g + 19 = y, 10 = 5*y - 10. Let q = g - -5. Let w be q/(-1 - 27/(-24)). Calculate the highest common factor of w and 8.
8
Suppose 6*d - 95*d = -10947. What is the greatest common factor of d and 902?
41
Let q be 24/((-40)/18 + 2). Let p be (8 + -4)/(-1) - q. Calculate the greatest common divisor of 8 and p.
8
Suppose -1160*l + 1157*l + 1512 = 0. Calculate the highest common divisor of 288 and l.
72
Suppose -3*f + 80 = 3*s + 209, 2*f = s - 98. Let j = f - -62. Calculate the highest common factor of j and 30.
15
Suppose 84 = 3*t + 3*z - 69, 202 = 4*t + 3*z. Let x = t + -39. What is the greatest common divisor of 10 and x?
10
Let x = 180 + -349. Let q = x + 251. What is the highest common factor of 123 and q?
41
Let m = 54 - 49. Let a be (-756)/(-30) - -3 - 1/m. What is the highest common factor of a and 112?
28
Let y = 119 - 0. Let o = 122 - y. Calculate the highest common factor of o and 3.
3
Suppose 11 = -4*a + 15. Let k be (-20)/(-40)*(a + -1). Suppose k = -3*d + 7*d - 16. What is the greatest common factor of 12 and d?
4
Let j(g) = 4*g - 15. Let z be j(15). Calculate the greatest common factor of 45 and z.
45
Let y = 23 - -1. Let b = y + -31. Let p(m) = -m - 1. Let s be p(b). What is the greatest common factor of 4 and s?
2
Suppose b + 3*s - 57 = 0, -3*s + 115 = 2*b + 2*s. Let g(r) = r**2 + r - 6. Let c be g(6). Calculate the greatest common factor of c and b.
12
Let f(i) be the third derivative of -365*i**4/24 - i**3/6 + 3*i**2. Let d be f(-1). Let o = d + -221. Calculate the greatest common divisor of o and 13.
13
Let a(x) = x**2 + 5*x + 10. Let m be a(-4). Calculate the highest common factor of 12 and m.
6
Suppose -4*v - 278 = -2*d + 18, 2*d + 2*v - 272 = 0. Suppose -p - 279 = -6*p - r, 2*r = p - 58. What is the highest common divisor of p and d?
28
Let o(r) be the first derivative of r**2/2 + 2*r - 5. Let x be o(1). Suppose -w + 0*w = -x*v + 3, 1 = -w + 2*v. Calculate the highest common factor of 3 and w.
3
Suppose -30 - 82 = 2*q. Let h = q + 82. Suppose -k - k + h = 0. What is the greatest common divisor of 143 and k?
13
Let u(s) = s**2 - 20*s - 133. Let a be u(26). What is the greatest common divisor of 805 and a?
23
Let p be ((-128)/24)/(8/(-72)). What is the highest common divisor of p and 768?
48
Let d = 232 - 52. Suppose d = -0*m + 3*m. Let h be (-24 - -4)/(-4) - -19. What is the greatest common divisor of m and h?
12
Suppose -4*p - o = -2698, -3*o + 2694 = -16*p + 20*p. What is the highest common factor of 25 and p?
25
Let t(r) = -r + 111. Let d be t(31). Calculate the highest common factor of d and 16.
16
Let f be ((-55)/44)/(1/(-56)). Calculate the greatest common factor of 28 and f.
14
Let s = -19 - -25. Let b = 6 + s. Let l be 52/b + (-6)/(-9). What is the greatest common divisor of l and 2?
1
Let i = 77 - 73. Suppose 38 = 2*m + 9*u - i*u, -2*u = -4*m + 52. Let v = -3 - -5. Calculate the greatest common factor of m and v.
2
Let p be (0 + 2)/(2/4). Let z(b) = 39*b**2 + 4. Let h be z(-2). Suppose -3*v = 2*v - h. Calculate the highest common factor of v and p.
4
Suppose t = -2*o + 94, 0 = -3*t + 3*o - 8*o + 283. Calculate the highest common factor of t and 64.
32
Let n be (-6 - -4)*(-3)/(-2). Let s be (4 - -1) + (-7 - n). Suppose -s = i - 8. What is the greatest common factor of 21 and i?
7
Suppose 80*x = 91*x - 19